ded by 253?
177
Calculate the remainder when 32461 is divided by 3215.
311
What is the remainder when 690900 is divided by 230267?
99
Calculate the remainder when 25297161 is divided by 129729.
6
What is the remainder when 1542692 is divided by 514220?
32
Calculate the remainder when 6010785 is divided by 489.
486
What is the remainder when 113004 is divided by 12393?
1467
What is the remainder when 24947 is divided by 4721?
1342
Calculate the remainder when 368457 is divided by 283.
274
What is the remainder when 4712748 is divided by 265?
253
Calculate the remainder when 8769978 is divided by 866.
862
What is the remainder when 634950678 is divided by 82?
78
Calculate the remainder when 205664 is divided by 68527.
83
Calculate the remainder when 643006 is divided by 321123.
760
What is the remainder when 427869 is divided by 844?
805
Calculate the remainder when 94131 is divided by 157.
88
What is the remainder when 4636033 is divided by 1158885?
493
Calculate the remainder when 1189123 is divided by 1011.
187
What is the remainder when 55274 is divided by 17323?
3305
What is the remainder when 13234643 is divided by 5820?
5783
What is the remainder when 1799953 is divided by 20454?
1
What is the remainder when 3151638 is divided by 3151487?
151
What is the remainder when 39342239 is divided by 3024?
3023
Calculate the remainder when 184493 is divided by 549.
29
Calculate the remainder when 23198837 is divided by 201729.
2
Calculate the remainder when 17134809 is divided by 539.
538
Calculate the remainder when 4567353 is divided by 2983.
380
Calculate the remainder when 8653 is divided by 4217.
219
Calculate the remainder when 102316 is divided by 3853.
2138
What is the remainder when 9510740 is divided by 9636?
8
What is the remainder when 3984753 is divided by 577?
568
Calculate the remainder when 48712898 is divided by 302.
298
What is the remainder when 468722 is divided by 949?
865
What is the remainder when 846488 is divided by 846477?
11
Calculate the remainder when 56397956 is divided by 40.
36
Calculate the remainder when 174360 is divided by 114.
54
Calculate the remainder when 4828918 is divided by 547.
2
What is the remainder when 1357143 is divided by 5620?
2723
Calculate the remainder when 1559709 is divided by 24.
21
What is the remainder when 49023537 is divided by 77?
24
Calculate the remainder when 3888700 is divided by 37391.
36
What is the remainder when 7251943 is divided by 34533?
13
What is the remainder when 77070309 is divided by 22?
19
What is the remainder when 36684793 is divided by 159?
154
Calculate the remainder when 297864 is divided by 59550.
114
What is the remainder when 1110978 is divided by 35?
8
What is the remainder when 4950774 is divided by 3681?
3510
What is the remainder when 447222 is divided by 96?
54
Calculate the remainder when 1125501 is divided by 3619.
3611
Calculate the remainder when 1358310 is divided by 339549.
114
Calculate the remainder when 5818528 is divided by 1507.
1
What is the remainder when 507383 is divided by 522?
521
Calculate the remainder when 1950761 is divided by 90.
11
What is the remainder when 14833607 is divided by 4944496?
119
Calculate the remainder when 194936930 is divided by 687.
680
What is the remainder when 78775 is divided by 7849?
285
What is the remainder when 1333896 is divided by 1575?
1446
Calculate the remainder when 1084358 is divided by 1899.
29
Calculate the remainder when 7347787 is divided by 204105.
7
What is the remainder when 129561 is divided by 30386?
8017
What is the remainder when 4824438 is divided by 2469?
12
What is the remainder when 1354862 is divided by 160?
142
What is the remainder when 855083 is divided by 213765?
23
What is the remainder when 7272270 is divided by 56?
54
Calculate the remainder when 445488 is divided by 49498.
6
What is the remainder when 83858 is divided by 27359?
1781
Calculate the remainder when 19033 is divided by 2538.
1267
Calculate the remainder when 20636236 is divided by 36.
28
Calculate the remainder when 106894422 is divided by 56.
54
What is the remainder when 904192 is divided by 274?
266
Calculate the remainder when 3332733 is divided by 35.
33
What is the remainder when 28981 is divided by 13494?
1993
What is the remainder when 672418 is divided by 5380?
5298
What is the remainder when 55418 is divided by 335?
143
Calculate the remainder when 75538515 is divided by 25179498.
21
What is the remainder when 5367674 is divided by 1518?
26
What is the remainder when 555015 is divided by 677?
552
What is the remainder when 187083 is divided by 236?
171
Calculate the remainder when 296545 is divided by 59288.
105
Calculate the remainder when 1900481 is divided by 4430.
11
What is the remainder when 191122 is divided by 46978?
3210
What is the remainder when 100412 is divided by 50196?
20
What is the remainder when 22837515 is divided by 370?
5
Calculate the remainder when 3137129 is divided by 742.
695
What is the remainder when 4351925 is divided by 1641?
1634
Calculate the remainder when 3896 is divided by 1940.
16
What is the remainder when 15999463 is divided by 9592?
7
Calculate the remainder when 1300051 is divided by 2044.
67
Calculate the remainder when 1091228 is divided by 14.
12
What is the remainder when 971306 is divided by 34632?
1610
What is the remainder when 59600 is divided by 14001?
3596
What is the remainder when 45764031 is divided by 11097?
3
What is the remainder when 4287016 is divided by 51?
7
Calculate the remainder when 1608821 is divided by 53615.
371
What is the remainder when 1862869 is divided by 3794?
15
Calculate the remainder when 510850624 is divided by 286.
284
Calculate the remainder when 139649 is divided by 10715.
354
Calculate the remainder when 3922956 is divided by 5128.
36
Calculate the remainder when 1751969 is divided by 9470.
19
What is the remainder when 171221 is divided by 4379?
440
What is the remainder when 7092 is divided by 108?
72
What is the remainder when 213747 is divided by 106870?
7
What is the remainder when 159603 is divided by 12269?
106
What is the remainder when 22021 is divided by 7052?
865
Calculate the remainder when 142157 is divided by 46773.
1838
What is the remainder when 349608 is divided by 20561?
71
Calculate the remainder when 16880 is divided by 2755.
350
What is the remainder when 20738170 is divided by 182?
180
What is the remainder when 64477341 is divided by 1789?
1781
Calculate the remainder when 17365 is divided by 577.
55
What is the remainder when 1659359 is divided by 315?
254
Calculate the remainder when 852652 is divided by 761.
332
Calculate the remainder when 915254 is divided by 121.
10
What is the remainder when 1796898 is divided by 1613?
16
What is the remainder when 106149 is divided by 53047?
55
What is the remainder when 479246 is divided by 28?
26
What is the remainder when 2931133 is divided by 650?
283
Calculate the remainder when 81308489 is divided by 426.
425
What is the remainder when 46102 is divided by 1418?
726
Calculate the remainder when 1220334 is divided by 203386.
18
What is the remainder when 3024421 is divided by 27?
16
What is the remainder when 62822 is divided by 3345?
2612
What is the remainder when 57501 is divided by 90?
81
Calculate the remainder when 939904 is divided by 16.
0
What is the remainder when 246619 is divided by 295?
294
What is the remainder when 351124 is divided by 16?
4
What is the remainder when 5114801 is divided by 656?
625
Calculate the remainder when 6472730 is divided by 1033.
985
Calculate the remainder when 238627755 is divided by 115.
110
Calculate the remainder when 8858856 is divided by 8858198.
658
What is the remainder when 915701 is divided by 1377?
1373
What is the remainder when 3339672 is divided by 19879?
0
What is the remainder when 231851 is divided by 449?
167
Calculate the remainder when 15171966 is divided by 741.
732
Calculate the remainder when 8718 is divided by 7771.
947
Calculate the remainder when 117599 is divided by 606.
35
What is the remainder when 439866 is divided by 2221?
108
What is the remainder when 1531539293 is divided by 2272?
2269
Calculate the remainder when 12534379 is divided by 182.
39
Calculate the remainder when 1528785